{"id":2810,"date":"2025-12-16T08:27:42","date_gmt":"2025-12-16T07:27:42","guid":{"rendered":"https:\/\/escrimelemans.fr\/?page_id=2810"},"modified":"2025-12-28T10:45:59","modified_gmt":"2025-12-28T09:45:59","slug":"resultats-competitions","status":"publish","type":"page","link":"https:\/\/escrimelemans.fr\/?page_id=2810","title":{"rendered":"R\u00e9sultats comp\u00e9titions"},"content":{"rendered":"\t\t<div data-elementor-type=\"wp-page\" data-elementor-id=\"2810\" class=\"elementor elementor-2810\">\n\t\t\t\t<div class=\"elementor-element elementor-element-551617a e-flex e-con-boxed e-con e-parent\" data-id=\"551617a\" data-element_type=\"container\">\n\t\t\t\t\t<div class=\"e-con-inner\">\n\t\t\t\t<div class=\"elementor-element elementor-element-ad1aca5 elementor-widget elementor-widget-heading\" data-id=\"ad1aca5\" data-element_type=\"widget\" data-widget_type=\"heading.default\">\n\t\t\t\t<div class=\"elementor-widget-container\">\n\t\t\t<style>\/*! elementor - v3.23.0 - 05-08-2024 *\/\n.elementor-heading-title{padding:0;margin:0;line-height:1}.elementor-widget-heading .elementor-heading-title[class*=elementor-size-]>a{color:inherit;font-size:inherit;line-height:inherit}.elementor-widget-heading .elementor-heading-title.elementor-size-small{font-size:15px}.elementor-widget-heading .elementor-heading-title.elementor-size-medium{font-size:19px}.elementor-widget-heading .elementor-heading-title.elementor-size-large{font-size:29px}.elementor-widget-heading .elementor-heading-title.elementor-size-xl{font-size:39px}.elementor-widget-heading .elementor-heading-title.elementor-size-xxl{font-size:59px}<\/style><h1 class=\"elementor-heading-title elementor-size-default\">Comp\u00e9titions 2025-2026<\/h1>\t\t<\/div>\n\t\t\t\t<\/div>\n\t\t\t\t\t<\/div>\n\t\t\t\t<\/div>\n\t\t<div class=\"elementor-element elementor-element-aca662c e-grid e-con-boxed e-con e-parent\" data-id=\"aca662c\" data-element_type=\"container\">\n\t\t\t\t\t<div class=\"e-con-inner\">\n\t\t\t\t<div class=\"elementor-element elementor-element-bcca2a4 elementor-widget elementor-widget-heading\" data-id=\"bcca2a4\" data-element_type=\"widget\" data-widget_type=\"heading.default\">\n\t\t\t\t<div class=\"elementor-widget-container\">\n\t\t\t<h2 class=\"elementor-heading-title elementor-size-default\"><u><b><i>HORIZON 2036 \u00e0 Saint Hilaire de RIez:<br><\/i><\/b><\/u><br>             - Xavier termine 1er<br><br><b><u><i>2\u00e8me journ\u00e9e interd\u00e9partemental \u00e0 Angers :<\/i><\/u><\/b><br><br>             - Xavier termine 1er<\/h2>\t\t<\/div>\n\t\t\t\t<\/div>\n\t\t\t\t<div class=\"elementor-element elementor-element-3c83f46 elementor-widget elementor-widget-image\" data-id=\"3c83f46\" data-element_type=\"widget\" data-widget_type=\"image.default\">\n\t\t\t\t<div class=\"elementor-widget-container\">\n\t\t\t<style>\/*! elementor - v3.23.0 - 05-08-2024 *\/\n.elementor-widget-image{text-align:center}.elementor-widget-image a{display:inline-block}.elementor-widget-image a img[src$=\".svg\"]{width:48px}.elementor-widget-image img{vertical-align:middle;display:inline-block}<\/style>\t\t\t\t\t\t\t\t\t\t<img fetchpriority=\"high\" decoding=\"async\" width=\"168\" height=\"300\" src=\"https:\/\/escrimelemans.fr\/wp-content\/uploads\/2025\/11\/XavierCompetition301125-168x300.jpg\" class=\"attachment-medium size-medium wp-image-2812\" alt=\"\" srcset=\"https:\/\/escrimelemans.fr\/wp-content\/uploads\/2025\/11\/XavierCompetition301125-168x300.jpg 168w, https:\/\/escrimelemans.fr\/wp-content\/uploads\/2025\/11\/XavierCompetition301125-574x1024.jpg 574w, https:\/\/escrimelemans.fr\/wp-content\/uploads\/2025\/11\/XavierCompetition301125-768x1369.jpg 768w, https:\/\/escrimelemans.fr\/wp-content\/uploads\/2025\/11\/XavierCompetition301125-861x1536.jpg 861w, https:\/\/escrimelemans.fr\/wp-content\/uploads\/2025\/11\/XavierCompetition301125.jpg 922w\" sizes=\"(max-width: 168px) 100vw, 168px\" \/>\t\t\t\t\t\t\t\t\t\t\t\t\t<\/div>\n\t\t\t\t<\/div>\n\t\t\t\t\t<\/div>\n\t\t\t\t<\/div>\n\t\t<div class=\"elementor-element elementor-element-32d5d62 e-flex e-con-boxed e-con e-parent\" data-id=\"32d5d62\" data-element_type=\"container\">\n\t\t\t\t\t<div class=\"e-con-inner\">\n\t\t<div class=\"elementor-element elementor-element-888a0d9 e-con-full e-flex e-con e-child\" data-id=\"888a0d9\" data-element_type=\"container\">\n\t\t\t\t<div class=\"elementor-element elementor-element-3307c75 elementor-widget elementor-widget-heading\" data-id=\"3307c75\" data-element_type=\"widget\" data-widget_type=\"heading.default\">\n\t\t\t\t<div class=\"elementor-widget-container\">\n\t\t\t<h2 class=\"elementor-heading-title elementor-size-default\"><b><u><i>Comp\u00e9titions Octobre et Novembre :<\/i><\/u><\/b><br><br><b><u><i>Circuit National M17 \u00e0 Charleville-M\u00e9zieres :<br><\/i><\/u><\/b><br>       - Basile termine 123\u00e8me<br><br>Circuit National \u00e0 Maison-Alfort :<br><br>       - Basile termine 147\u00e8me<br><br>Challenge Scaramouche M13 \u00e0 Angers :<br> <br>       - Cyriac termine 23\u00e8me<br>       <br>       - Octave termine 25\u00e8me<br><br><span>Challenge Scaramouche M15 \u00e0 Angers :<\/span><br><br><span>       - Guillaume termine 14\u00e8me<\/span><br><br><span>       - Xavier termine 16\u00e8me<\/span><br><br>       - Th\u00e9odore termine 22\u00e8me<br><br><span>Challenge Scaramouche M17 \u00e0 Angers :<\/span><br><span><\/span><br>       - Basile termine 10\u00e8me<br><br>       - Guillaume termine 11\u00e8me<\/h2>\t\t<\/div>\n\t\t\t\t<\/div>\n\t\t\t\t<\/div>\n\t\t\t\t\t<\/div>\n\t\t\t\t<\/div>\n\t\t\t\t<\/div>\n\t\t","protected":false},"excerpt":{"rendered":"<p>Comp\u00e9titions 2025-2026 HORIZON 2036 \u00e0 Saint Hilaire de RIez: &#8211; Xavier termine 1er 2\u00e8me journ\u00e9e interd\u00e9partemental \u00e0 Angers : &#8211; Xavier termine 1er Comp\u00e9titions Octobre et Novembre : Circuit National [&hellip;]<\/p>\n","protected":false},"author":7,"featured_media":0,"parent":19,"menu_order":0,"comment_status":"closed","ping_status":"closed","template":"elementor_canvas","meta":{"ocean_post_layout":"","ocean_both_sidebars_style":"","ocean_both_sidebars_content_width":0,"ocean_both_sidebars_sidebars_width":0,"ocean_sidebar":"","ocean_second_sidebar":"","ocean_disable_margins":"enable","ocean_add_body_class":"","ocean_shortcode_before_top_bar":"","ocean_shortcode_after_top_bar":"","ocean_shortcode_before_header":"","ocean_shortcode_after_header":"","ocean_has_shortcode":"","ocean_shortcode_after_title":"","ocean_shortcode_before_footer_widgets":"","ocean_shortcode_after_footer_widgets":"","ocean_shortcode_before_footer_bottom":"","ocean_shortcode_after_footer_bottom":"","ocean_display_top_bar":"default","ocean_display_header":"default","ocean_header_style":"","ocean_center_header_left_menu":"","ocean_custom_header_template":"","ocean_custom_logo":0,"ocean_custom_retina_logo":0,"ocean_custom_logo_max_width":0,"ocean_custom_logo_tablet_max_width":0,"ocean_custom_logo_mobile_max_width":0,"ocean_custom_logo_max_height":0,"ocean_custom_logo_tablet_max_height":0,"ocean_custom_logo_mobile_max_height":0,"ocean_header_custom_menu":"","ocean_menu_typo_font_family":"","ocean_menu_typo_font_subset":"","ocean_menu_typo_font_size":0,"ocean_menu_typo_font_size_tablet":0,"ocean_menu_typo_font_size_mobile":0,"ocean_menu_typo_font_size_unit":"px","ocean_menu_typo_font_weight":"","ocean_menu_typo_font_weight_tablet":"","ocean_menu_typo_font_weight_mobile":"","ocean_menu_typo_transform":"","ocean_menu_typo_transform_tablet":"","ocean_menu_typo_transform_mobile":"","ocean_menu_typo_line_height":0,"ocean_menu_typo_line_height_tablet":0,"ocean_menu_typo_line_height_mobile":0,"ocean_menu_typo_line_height_unit":"","ocean_menu_typo_spacing":0,"ocean_menu_typo_spacing_tablet":0,"ocean_menu_typo_spacing_mobile":0,"ocean_menu_typo_spacing_unit":"","ocean_menu_link_color":"","ocean_menu_link_color_hover":"","ocean_menu_link_color_active":"","ocean_menu_link_background":"","ocean_menu_link_hover_background":"","ocean_menu_link_active_background":"","ocean_menu_social_links_bg":"","ocean_menu_social_hover_links_bg":"","ocean_menu_social_links_color":"","ocean_menu_social_hover_links_color":"","ocean_disable_title":"default","ocean_disable_heading":"default","ocean_post_title":"","ocean_post_subheading":"","ocean_post_title_style":"","ocean_post_title_background_color":"","ocean_post_title_background":0,"ocean_post_title_bg_image_position":"","ocean_post_title_bg_image_attachment":"","ocean_post_title_bg_image_repeat":"","ocean_post_title_bg_image_size":"","ocean_post_title_height":0,"ocean_post_title_bg_overlay":0.5,"ocean_post_title_bg_overlay_color":"","ocean_disable_breadcrumbs":"default","ocean_breadcrumbs_color":"","ocean_breadcrumbs_separator_color":"","ocean_breadcrumbs_links_color":"","ocean_breadcrumbs_links_hover_color":"","ocean_display_footer_widgets":"default","ocean_display_footer_bottom":"default","ocean_custom_footer_template":"","footnotes":""},"class_list":["post-2810","page","type-page","status-publish","hentry","entry"],"_links":{"self":[{"href":"https:\/\/escrimelemans.fr\/index.php?rest_route=\/wp\/v2\/pages\/2810","targetHints":{"allow":["GET"]}}],"collection":[{"href":"https:\/\/escrimelemans.fr\/index.php?rest_route=\/wp\/v2\/pages"}],"about":[{"href":"https:\/\/escrimelemans.fr\/index.php?rest_route=\/wp\/v2\/types\/page"}],"author":[{"embeddable":true,"href":"https:\/\/escrimelemans.fr\/index.php?rest_route=\/wp\/v2\/users\/7"}],"replies":[{"embeddable":true,"href":"https:\/\/escrimelemans.fr\/index.php?rest_route=%2Fwp%2Fv2%2Fcomments&post=2810"}],"version-history":[{"count":19,"href":"https:\/\/escrimelemans.fr\/index.php?rest_route=\/wp\/v2\/pages\/2810\/revisions"}],"predecessor-version":[{"id":2836,"href":"https:\/\/escrimelemans.fr\/index.php?rest_route=\/wp\/v2\/pages\/2810\/revisions\/2836"}],"up":[{"embeddable":true,"href":"https:\/\/escrimelemans.fr\/index.php?rest_route=\/wp\/v2\/pages\/19"}],"wp:attachment":[{"href":"https:\/\/escrimelemans.fr\/index.php?rest_route=%2Fwp%2Fv2%2Fmedia&parent=2810"}],"curies":[{"name":"wp","href":"https:\/\/api.w.org\/{rel}","templated":true}]}}