{"id":323,"date":"2015-09-08T23:53:12","date_gmt":"2015-09-08T21:53:12","guid":{"rendered":"http:\/\/escrimelemans.fr\/?page_id=323"},"modified":"2025-10-08T17:12:06","modified_gmt":"2025-10-08T15:12:06","slug":"calendrier","status":"publish","type":"page","link":"https:\/\/escrimelemans.fr\/?page_id=323","title":{"rendered":"Calendrier 2025\/2026"},"content":{"rendered":"\n<p class=\"has-text-align-center\"><\/p>\n\n\n\n<figure class=\"wp-block-table\"><table class=\"has-fixed-layout\"><tbody><tr><td><strong>SEPTEMBRE<\/strong><\/td><td><\/td><td><\/td><td><\/td><td><\/td><\/tr><tr><td>Dimanche 28 <\/td><td>Stage de rentr\u00e9e<\/td><td>Le Mans<\/td><td>M9 \u00e0 V\u00e9t\u00e9rans<\/td><td><\/td><\/tr><tr><td><\/td><td><\/td><td><\/td><td><\/td><td><\/td><\/tr><tr><td><strong>OCTOBRE<\/strong><\/td><td><\/td><td><\/td><td><\/td><td><\/td><\/tr><tr><td>Samedi 11<\/td><td>1\u00e8re Journ\u00e9e Interd\u00e9partementale<\/td><td>Sabl\u00e9 sur Sarthe<\/td><td>M9 \u00e0 M17<\/td><td>E\/F\/S<\/td><\/tr><tr><td>Dimanche 12<\/td><td>Challenge Ville de Nantes Ma\u00eetre Deffes<\/td><td>Nantes<\/td><td>m17 \u00e0 S\u00e9niors<\/td><td>E<\/td><\/tr><tr><td>Samedi 18 et Dimanche 19<\/td><td>Circuit National<\/td><td>Rodez<\/td><td>M17 \u00e0 S\u00e9niors<\/td><td>E<\/td><\/tr><tr><td>Samedi 18 et Dimanche 19<\/td><td>Circuit National<\/td><td>Charleville M\u00e9zi\u00e8re<\/td><td>M17 \u00e0 S\u00e9niors<\/td><td>S<\/td><\/tr><tr><td><mark style=\"background-color:rgba(0, 0, 0, 0)\" class=\"has-inline-color has-vivid-red-color\">Vacances de la Toussaint<\/mark><\/td><td><mark style=\"background-color:rgba(0, 0, 0, 0)\" class=\"has-inline-color has-vivid-red-color\">Du 18 octobre au <\/mark><\/td><td><mark style=\"background-color:rgba(0, 0, 0, 0)\" class=\"has-inline-color has-vivid-red-color\">03 novembre 2025<\/mark><\/td><td><\/td><td><\/td><\/tr><tr><td><\/td><td><\/td><td><\/td><td><\/td><td><\/td><\/tr><tr><td><strong>NOVEMBRE<\/strong><\/td><td><\/td><td><\/td><td><\/td><td><\/td><\/tr><tr><td>Samedi 8 et Dimanche 9<\/td><td>Circuit National<\/td><td>Maison Alfort<\/td><td>M17\/S\u00e9niors<\/td><td>S<\/td><\/tr><tr><td>Samedi 15 et Dimanche 16<\/td><td>Scaramouche<\/td><td>Angers &#8211; SCO<\/td><td>M13 \u00e0 M17<\/td><td>E\/F\/S<\/td><\/tr><tr><td>Samedi 15 et Dimanche 16<\/td><td>Circuit National <\/td><td>Montargis<\/td><td>M20<\/td><td>S<\/td><\/tr><tr><td><mark style=\"background-color:rgba(0, 0, 0, 0)\" class=\"has-inline-color has-vivid-cyan-blue-color\">Samedi 22<\/mark><\/td><td><mark style=\"background-color:rgba(0, 0, 0, 0)\" class=\"has-inline-color has-vivid-cyan-blue-color\">1\u00e8re Journ\u00e9e D\u00e9partementale<\/mark><\/td><td><mark style=\"background-color:rgba(0, 0, 0, 0)\" class=\"has-inline-color has-vivid-cyan-blue-color\">La Fl\u00e8che?<\/mark><\/td><td><mark style=\"background-color:rgba(0, 0, 0, 0)\" class=\"has-inline-color has-vivid-cyan-blue-color\">M9 \u00e0 M17<\/mark><\/td><td><mark style=\"background-color:rgba(0, 0, 0, 0)\" class=\"has-inline-color has-vivid-cyan-blue-color\">E\/F\/S<\/mark><\/td><\/tr><tr><td>Samedi 22 et Dimanche 23<\/td><td>Challenge Les Titans<\/td><td>Nantes<\/td><td>M15 \u00e0 V\u00e9t\u00e9rans<br>M11 \u00e0 V\u00e9t\u00e9rans<\/td><td>E<br>F<\/td><\/tr><tr><td>Samedi 29 et Dimanche 30<\/td><td>Challenge Claude Sabourault<\/td><td>Saint Hilaire de Riez<\/td><td>M13 \u00e0 V\u00e9t\u00e9rans<br>M 9 \u00e0  V\u00e9t\u00e9rans<br>M15<\/td><td>E<br>F<br>S<\/td><\/tr><tr><td><\/td><td><\/td><td><\/td><td><\/td><td><\/td><\/tr><tr><td><strong>DECEMBRE<\/strong><\/td><td><\/td><td><\/td><td><\/td><td><\/td><\/tr><tr><td>Dimanche 7<\/td><td>2\u00e8me Journ\u00e9e Interd\u00e9partementale<\/td><td>Angers SCO<\/td><td>M9 \u00e0 M17<\/td><td>E\/F\/S<\/td><\/tr><tr><td>Samedi 13 et Dimanche 14<\/td><td>Championnat r\u00e9gional<\/td><td>Nantes<\/td><td>M15<\/td><td>E\/F\/S<\/td><\/tr><tr><td><mark style=\"background-color:rgba(0, 0, 0, 0)\" class=\"has-inline-color has-vivid-red-color\">Vacances de No\u00ebl <\/mark><\/td><td><mark style=\"background-color:rgba(0, 0, 0, 0)\" class=\"has-inline-color has-vivid-red-color\">Du 20 d\u00e9cembre 2025<\/mark><\/td><td><mark style=\"background-color:rgba(0, 0, 0, 0)\" class=\"has-inline-color has-vivid-red-color\">au 05 janvier 2026<\/mark><\/td><td><\/td><td><\/td><\/tr><tr><td><\/td><td><\/td><td><\/td><td><\/td><td><\/td><\/tr><tr><td><strong>JANVIER<\/strong><\/td><td><\/td><td><\/td><td><\/td><td><\/td><\/tr><tr><td>Samedi 03 et Dimanche 04<\/td><td>Championnats r\u00e9gionaux<\/td><td><\/td><td>M17 \u00e0 V\u00e9t\u00e9ran<\/td><td>E\/F\/S<\/td><\/tr><tr><td>Samedi 10 et Dimanche 11<\/td><td>Les petits Doudou<\/td><td>Sabl\u00e9 sur Sarthe<\/td><td>M17 \u00e0 V\u00e9t\u00e9ran<\/td><td>E\/F<\/td><\/tr><tr><td><mark style=\"background-color:rgba(0, 0, 0, 0)\" class=\"has-inline-color has-vivid-cyan-blue-color\">Samedi 17<\/mark><\/td><td><mark style=\"background-color:rgba(0, 0, 0, 0)\" class=\"has-inline-color has-vivid-cyan-blue-color\">2\u00e8me Journ\u00e9e D\u00e9partementale <\/mark><\/td><td><mark style=\"background-color:rgba(0, 0, 0, 0)\" class=\"has-inline-color has-vivid-cyan-blue-color\">Neuville sur Sarthe<\/mark><\/td><td><mark style=\"background-color:rgba(0, 0, 0, 0)\" class=\"has-inline-color has-vivid-cyan-blue-color\">M9 \u00e0 M17<\/mark><\/td><td><mark style=\"background-color:rgba(0, 0, 0, 0)\" class=\"has-inline-color has-vivid-cyan-blue-color\">E\/F\/S<\/mark><\/td><\/tr><tr><td>Dimanche 18<\/td><td>1\/4 Finale Horizon 2032<\/td><td>Vannes<\/td><td>M15<\/td><td>S<\/td><\/tr><tr><td><\/td><td><\/td><td><\/td><td><\/td><td><\/td><\/tr><tr><td><strong>F\u00c9VRIER<\/strong><\/td><td><\/td><td><\/td><td><\/td><td><\/td><\/tr><tr><td>Dimanche 8<\/td><td>Stage de club<\/td><td>Le Mans<\/td><td>M9 \u00e0 V\u00e9t\u00e9rans<\/td><td>E\/S<\/td><\/tr><tr><td>Dimanche 8 <\/td><td>3\u00e8me Journ\u00e9e Interd\u00e9partementale<\/td><td>Ch\u00e2teau Gonthier<\/td><td>M9 \u00e0 M17<\/td><td>E\/F\/S<\/td><\/tr><tr><td>Dimanche 15<\/td><td>Challenge du crabe<\/td><td>Les Sables d&rsquo;Olonne<\/td><td>M9 \u00e0 M17<\/td><td>E<\/td><\/tr><tr><td>Samedi 14 et Dimanche 15<\/td><td>Circuit National<\/td><td>Starsbourg<\/td><td>M17\/S\u00e9niors<\/td><td>S<\/td><\/tr><tr><td><mark style=\"background-color:rgba(0, 0, 0, 0)\" class=\"has-inline-color has-vivid-red-color\">Vacances d&rsquo;hiver<\/mark><\/td><td><mark style=\"background-color:rgba(0, 0, 0, 0)\" class=\"has-inline-color has-vivid-red-color\">Du 14 f\u00e9vrier au <\/mark><\/td><td><mark style=\"background-color:rgba(0, 0, 0, 0)\" class=\"has-inline-color has-vivid-red-color\">02 mars 2026<\/mark><\/td><td><\/td><td><\/td><\/tr><tr><td><\/td><td><\/td><td><\/td><td><\/td><td><\/td><\/tr><tr><td><strong>MARS<\/strong><\/td><td><\/td><td><\/td><td><\/td><td><\/td><\/tr><tr><td><mark style=\"background-color:rgba(0, 0, 0, 0)\" class=\"has-inline-color has-vivid-green-cyan-color\">Samedi 07 et Dimanche 08<\/mark><\/td><td><mark style=\"background-color:rgba(0, 0, 0, 0)\" class=\"has-inline-color has-vivid-green-cyan-color\">Challenge Sabre<\/mark><\/td><td><mark style=\"background-color:rgba(0, 0, 0, 0)\" class=\"has-inline-color has-vivid-green-cyan-color\">Le Mans<\/mark><\/td><td><mark style=\"background-color:rgba(0, 0, 0, 0)\" class=\"has-inline-color has-vivid-green-cyan-color\">M11 \u00e0<\/mark> <mark style=\"background-color:rgba(0, 0, 0, 0)\" class=\"has-inline-color has-vivid-green-cyan-color\">M15<\/mark><\/td><td><mark style=\"background-color:rgba(0, 0, 0, 0)\" class=\"has-inline-color has-vivid-green-cyan-color\">S<\/mark><\/td><\/tr><tr><td>Samedi 07 et Dimanche 08<\/td><td>Challenge L&rsquo;Aiglon-Merley<\/td><td>La Roche sur Yon<\/td><td>M17 \u00e0 V\u00e9t\u00e9ran<\/td><td>E\/F\/S<\/td><\/tr><tr><td>Samedi 14<\/td><td>4\u00e8me Journ\u00e9e Interd\u00e9partementale<\/td><td>Lou\u00e9<\/td><td>M9 \u00e0 M17<\/td><td>E\/F\/S<\/td><\/tr><tr><td>Samedi 14 et Dimanche 15<\/td><td>Circuit National<\/td><td>Tarbes<\/td><td>M17<\/td><td>S<\/td><\/tr><tr><td>Samedi 21 et Dimanche 22<\/td><td>Circuit National<\/td><td>Brest<\/td><td>M20<\/td><td>S<\/td><\/tr><tr><td><\/td><td><\/td><td><\/td><td><\/td><td><\/td><\/tr><tr><td><strong>AVRIL<\/strong><\/td><td><\/td><td><\/td><td><\/td><td><\/td><\/tr><tr><td><mark style=\"background-color:rgba(0, 0, 0, 0)\" class=\"has-inline-color has-vivid-cyan-blue-color\">Samedi 11<\/mark><\/td><td><mark style=\"background-color:rgba(0, 0, 0, 0)\" class=\"has-inline-color has-vivid-cyan-blue-color\">3\u00e8me Journ\u00e9e D\u00e9partementale<\/mark><\/td><td><mark style=\"background-color:rgba(0, 0, 0, 0)\" class=\"has-inline-color has-vivid-cyan-blue-color\">Le Mans<\/mark><\/td><td><mark style=\"background-color:rgba(0, 0, 0, 0)\" class=\"has-inline-color has-vivid-cyan-blue-color\">M9 \u00e0 M17<\/mark><\/td><td><mark style=\"background-color:rgba(0, 0, 0, 0)\" class=\"has-inline-color has-vivid-cyan-blue-color\">E\/F\/S<\/mark><\/td><\/tr><tr><td>Dimanche 12<\/td><td>Stage de club<\/td><td>Le Mans<\/td><td>M9 \u00e0 V\u00e9t\u00e9rans<\/td><td>E\/S<\/td><\/tr><tr><td>Dimanche 12<\/td><td>Challenge Alfred Jarry<\/td><td>Laval<\/td><td>M9 \u00e0 V\u00e9t\u00e9ran<\/td><td>E<\/td><\/tr><tr><td>Samedi 11 et Dimanche 12<\/td><td>Circuit National<\/td><td>Biarritz<\/td><td>S\u00e9niors<\/td><td>S<\/td><\/tr><tr><td><mark style=\"background-color:rgba(0, 0, 0, 0)\" class=\"has-inline-color has-vivid-red-color\">Vacances de P\u00e2ques <\/mark><\/td><td><mark style=\"background-color:rgba(0, 0, 0, 0)\" class=\"has-inline-color has-vivid-red-color\">Du 11 avril au <\/mark><\/td><td><mark style=\"background-color:rgba(0, 0, 0, 0)\" class=\"has-inline-color has-vivid-red-color\">27 avril 2026<\/mark><\/td><td><\/td><td><\/td><\/tr><tr><td>Dimanche 18 <\/td><td>1\/2 Finale Horizon 2036<\/td><td>Saint Leu<\/td><td>M15<\/td><td>S<\/td><\/tr><tr><td><\/td><td><\/td><td><\/td><td><\/td><td><\/td><\/tr><tr><td><strong>MAI<\/strong><\/td><td><\/td><td><\/td><td><\/td><td><\/td><\/tr><tr><td>Samedi 9 et Dimanche 10<\/td><td>Championnat de France<\/td><td>Bourges<\/td><td>M17<\/td><td>S<\/td><\/tr><tr><td>Samedi 9 et Dimanche 10<\/td><td>Championnat de France<\/td><td>Corbas<\/td><td>M17<\/td><td>E<\/td><\/tr><tr><td>Samedi 16 et Dimanche 17 <\/td><td>Championnat de France<\/td><td>Faches-Thumesnil<\/td><td>M20<\/td><td>S<\/td><\/tr><tr><td>Samedi 30 et Dimanche 31<\/td><td>Championnat de France<\/td><td>Saint-Paul-Trois-Ch\u00e2teaux<\/td><td>M20<\/td><td>E<\/td><\/tr><tr><td><mark style=\"background-color:rgba(0, 0, 0, 0)\" class=\"has-inline-color has-vivid-cyan-blue-color\">Samedi 30<\/mark><\/td><td><mark style=\"background-color:rgba(0, 0, 0, 0)\" class=\"has-inline-color has-vivid-cyan-blue-color\">Championnat d\u00e9partemental<\/mark><\/td><td><mark style=\"background-color:rgba(0, 0, 0, 0)\" class=\"has-inline-color has-vivid-cyan-blue-color\">Lou\u00e9<\/mark><\/td><td><mark style=\"background-color:rgba(0, 0, 0, 0)\" class=\"has-inline-color has-vivid-cyan-blue-color\">M9 \u00e0 M17<\/mark><\/td><td><mark style=\"background-color:rgba(0, 0, 0, 0)\" class=\"has-inline-color has-vivid-cyan-blue-color\">E\/F\/S<\/mark><\/td><\/tr><tr><td><\/td><td><\/td><td><\/td><td><\/td><td><\/td><\/tr><tr><td><strong>JUIN<\/strong><\/td><td><\/td><td><\/td><td><\/td><td><\/td><\/tr><tr><td>Samedi 6 et Dimanche 7<\/td><td>Championnat de France<\/td><td>Orl\u00e9ans<\/td><td>S\u00e9niors<\/td><td>S<\/td><\/tr><tr><td>Samedi 13 et Dimanche 14<\/td><td>F\u00eate Des Jeunes <\/td><td><\/td><td>M15<\/td><td>E\/F\/S<\/td><\/tr><tr><td><\/td><td><\/td><td><\/td><td><\/td><td><\/td><\/tr><\/tbody><\/table><\/figure>\n\n\n\n<p><\/p>\n\n\n\n<p><\/p>\n","protected":false},"excerpt":{"rendered":"<p>SEPTEMBRE Dimanche 28 Stage de rentr\u00e9e Le Mans M9 \u00e0 V\u00e9t\u00e9rans OCTOBRE Samedi 11 1\u00e8re Journ\u00e9e Interd\u00e9partementale Sabl\u00e9 sur Sarthe M9 \u00e0 M17 E\/F\/S Dimanche 12 Challenge Ville de Nantes [&hellip;]<\/p>\n","protected":false},"author":1,"featured_media":0,"parent":19,"menu_order":2,"comment_status":"closed","ping_status":"closed","template":"","meta":{"ocean_post_layout":"","ocean_both_sidebars_style":"","ocean_both_sidebars_content_width":0,"ocean_both_sidebars_sidebars_width":0,"ocean_sidebar":"","ocean_second_sidebar":"","ocean_disable_margins":"enable","ocean_add_body_class":"","ocean_shortcode_before_top_bar":"","ocean_shortcode_after_top_bar":"","ocean_shortcode_before_header":"","ocean_shortcode_after_header":"","ocean_has_shortcode":"","ocean_shortcode_after_title":"","ocean_shortcode_before_footer_widgets":"","ocean_shortcode_after_footer_widgets":"","ocean_shortcode_before_footer_bottom":"","ocean_shortcode_after_footer_bottom":"","ocean_display_top_bar":"default","ocean_display_header":"default","ocean_header_style":"","ocean_center_header_left_menu":"","ocean_custom_header_template":"","ocean_custom_logo":0,"ocean_custom_retina_logo":0,"ocean_custom_logo_max_width":0,"ocean_custom_logo_tablet_max_width":0,"ocean_custom_logo_mobile_max_width":0,"ocean_custom_logo_max_height":0,"ocean_custom_logo_tablet_max_height":0,"ocean_custom_logo_mobile_max_height":0,"ocean_header_custom_menu":"","ocean_menu_typo_font_family":"","ocean_menu_typo_font_subset":"","ocean_menu_typo_font_size":0,"ocean_menu_typo_font_size_tablet":0,"ocean_menu_typo_font_size_mobile":0,"ocean_menu_typo_font_size_unit":"px","ocean_menu_typo_font_weight":"","ocean_menu_typo_font_weight_tablet":"","ocean_menu_typo_font_weight_mobile":"","ocean_menu_typo_transform":"","ocean_menu_typo_transform_tablet":"","ocean_menu_typo_transform_mobile":"","ocean_menu_typo_line_height":0,"ocean_menu_typo_line_height_tablet":0,"ocean_menu_typo_line_height_mobile":0,"ocean_menu_typo_line_height_unit":"","ocean_menu_typo_spacing":0,"ocean_menu_typo_spacing_tablet":0,"ocean_menu_typo_spacing_mobile":0,"ocean_menu_typo_spacing_unit":"","ocean_menu_link_color":"","ocean_menu_link_color_hover":"","ocean_menu_link_color_active":"","ocean_menu_link_background":"","ocean_menu_link_hover_background":"","ocean_menu_link_active_background":"","ocean_menu_social_links_bg":"","ocean_menu_social_hover_links_bg":"","ocean_menu_social_links_color":"","ocean_menu_social_hover_links_color":"","ocean_disable_title":"default","ocean_disable_heading":"default","ocean_post_title":"","ocean_post_subheading":"","ocean_post_title_style":"","ocean_post_title_background_color":"","ocean_post_title_background":0,"ocean_post_title_bg_image_position":"","ocean_post_title_bg_image_attachment":"","ocean_post_title_bg_image_repeat":"","ocean_post_title_bg_image_size":"","ocean_post_title_height":0,"ocean_post_title_bg_overlay":0.5,"ocean_post_title_bg_overlay_color":"","ocean_disable_breadcrumbs":"default","ocean_breadcrumbs_color":"","ocean_breadcrumbs_separator_color":"","ocean_breadcrumbs_links_color":"","ocean_breadcrumbs_links_hover_color":"","ocean_display_footer_widgets":"default","ocean_display_footer_bottom":"default","ocean_custom_footer_template":"","footnotes":""},"class_list":["post-323","page","type-page","status-publish","hentry","entry"],"_links":{"self":[{"href":"https:\/\/escrimelemans.fr\/index.php?rest_route=\/wp\/v2\/pages\/323","targetHints":{"allow":["GET"]}}],"collection":[{"href":"https:\/\/escrimelemans.fr\/index.php?rest_route=\/wp\/v2\/pages"}],"about":[{"href":"https:\/\/escrimelemans.fr\/index.php?rest_route=\/wp\/v2\/types\/page"}],"author":[{"embeddable":true,"href":"https:\/\/escrimelemans.fr\/index.php?rest_route=\/wp\/v2\/users\/1"}],"replies":[{"embeddable":true,"href":"https:\/\/escrimelemans.fr\/index.php?rest_route=%2Fwp%2Fv2%2Fcomments&post=323"}],"version-history":[{"count":18,"href":"https:\/\/escrimelemans.fr\/index.php?rest_route=\/wp\/v2\/pages\/323\/revisions"}],"predecessor-version":[{"id":2804,"href":"https:\/\/escrimelemans.fr\/index.php?rest_route=\/wp\/v2\/pages\/323\/revisions\/2804"}],"up":[{"embeddable":true,"href":"https:\/\/escrimelemans.fr\/index.php?rest_route=\/wp\/v2\/pages\/19"}],"wp:attachment":[{"href":"https:\/\/escrimelemans.fr\/index.php?rest_route=%2Fwp%2Fv2%2Fmedia&parent=323"}],"curies":[{"name":"wp","href":"https:\/\/api.w.org\/{rel}","templated":true}]}}