{"id":65,"date":"2015-07-11T11:33:14","date_gmt":"2015-07-11T09:33:14","guid":{"rendered":"http:\/\/escrimelemans.fr\/?page_id=65"},"modified":"2025-08-23T11:50:28","modified_gmt":"2025-08-23T09:50:28","slug":"tarifs-2015","status":"publish","type":"page","link":"https:\/\/escrimelemans.fr\/?page_id=65","title":{"rendered":"Tarifs"},"content":{"rendered":"\n<p>La licence (62\u20ac) est incluse dans les tarifs*<\/p>\n\n\n\n<table id=\"tablepress-4\" class=\"tablepress tablepress-id-4\">\n<thead>\n<tr class=\"row-1\">\n\t<th class=\"column-1\">CLUB LE MANS<\/th><th class=\"column-2\">320 \u20ac<\/th>\n<\/tr>\n<\/thead>\n<tbody>\n<tr class=\"row-2\">\n\t<td class=\"column-1\">Loisir adulte(1\u00e8re ann\u00e9e)<br \/>\nmat\u00e9riel pr\u00eat\u00e9 toute l'ann\u00e9e<\/td><td class=\"column-2\">315 \u20ac<\/td>\n<\/tr>\n<tr class=\"row-3\">\n\t<td class=\"column-1\">\u00c9cole  Jeunes d\u00e9butants<br \/>\n(Mat\u00e9riel pr\u00eat\u00e9 la 1\u00e8re ann\u00e9e, possibilit\u00e9 de location apr\u00e8s)<\/td><td class=\"column-2\">320 \u20ac<\/td>\n<\/tr>\n<tr class=\"row-4\">\n\t<td class=\"column-1\">Handisport<\/td><td class=\"column-2\">320 \u20ac +licence handisport<\/td>\n<\/tr>\n<tr class=\"row-5\">\n\t<td class=\"column-1\">Sport adapt\u00e9<\/td><td class=\"column-2\">320 \u20ac + licence sport adapt\u00e9<\/td>\n<\/tr>\n<\/tbody>\n<\/table>\n<!-- #tablepress-4 from cache -->\n\n\n\n<h4 class=\"wp-block-heading\">Modes de paiement<\/h4>\n\n\n\n<p>1. en esp\u00e8ces<br>2. en ch\u00e8que bancaire ou postal<br>3. en <a href=\"https:\/\/www.epassjeunes-paysdelaloire.fr\/\" target=\"_blank\" rel=\"noopener\">e.Pass jeunes<\/a><br>4. en ch\u00e8ques vacances ( + 0,70 \u20ac par ch\u00e8que)<br>5. en coupons CAF<br>6. en <a href=\"http:\/\/www.ancv.com\/le-coupon-sport\" target=\"_blank\" rel=\"noopener\">coupons Sports ANCV<\/a> ( + 0,70 \u20ac par ch\u00e8que)<br>7. en ch\u00e8ques coll\u00e8ge du Conseil D\u00e9partemental<br>8. <a href=\"http:\/\/passport\" target=\"_blank\" rel=\"noopener\">pass&rsquo;sport <\/a><\/p>\n\n\n\n<h2 class=\"wp-block-heading has-text-align-center\"><span style=\"color: #ff0000;\">ATTENTION:<br>Aucune somme ne sera rembours\u00e9e pour quelque raison que ce soit.<\/span><\/h2>\n\n\n\n<p>Des remises <strong>non cumulables<\/strong> de 10% seront faites dans les cas suivant :<\/p>\n\n\n\n<p>1. Les personnes justifiant appartenir au CE des MMA<br>2. Possesseur de la carte CEZAM<br>3. Famille nombreuse + de 3 enfants : une remise de 10% sera appliqu\u00e9e \u00e0 partir du troisi\u00e8me inscrit de la m\u00eame famille.<\/p>\n\n\n\n<h3 class=\"wp-block-heading\">Les r\u00e9ductions ne s&rsquo;appliquent que sur la cotisation et non sur la licence.<\/h3>\n\n\n\n<h2 class=\"wp-block-heading\" id=\"titreChapitre_-9059278524310982711\"><strong>Tout savoir sur le pass Sport<\/strong><\/h2>\n\n\n\n<figure class=\"wp-block-image size-large\"><a href=\"https:\/\/escrimelemans.fr\/wp-content\/uploads\/2025\/08\/image.png\"><img fetchpriority=\"high\" decoding=\"async\" width=\"819\" height=\"1024\" src=\"https:\/\/escrimelemans.fr\/wp-content\/uploads\/2025\/08\/image-819x1024.png\" alt=\"\" class=\"wp-image-2743\" srcset=\"https:\/\/escrimelemans.fr\/wp-content\/uploads\/2025\/08\/image-819x1024.png 819w, https:\/\/escrimelemans.fr\/wp-content\/uploads\/2025\/08\/image-240x300.png 240w, https:\/\/escrimelemans.fr\/wp-content\/uploads\/2025\/08\/image-768x960.png 768w, https:\/\/escrimelemans.fr\/wp-content\/uploads\/2025\/08\/image.png 1080w\" sizes=\"(max-width: 819px) 100vw, 819px\" \/><\/a><\/figure>\n\n\n\n<p><strong>Le pass Sport reconduit pour la saison 2025-2026<\/strong><\/p>\n\n\n\n<p><strong>Pour \u00eatre \u00e0 la fois plus cibl\u00e9 \u00e0 l\u2019\u00e2ge o\u00f9 la pratique sportive des jeunes d\u00e9croche, autour de 14 ans, et plus incitatif, le pass Sport \u00e9volue en 2025.<\/strong><\/p>\n\n\n\n<p><strong>Il sera ouvert aux :<\/strong><\/p>\n\n\n\n<ul class=\"wp-block-list\">\n<li><strong>Jeunes de 14 \u00e0 17 ans r\u00e9volus b\u00e9n\u00e9ficiant de l\u2019allocation de rentr\u00e9e scolaire (ARS) ;<\/strong><\/li>\n\n\n\n<li><strong>Jeunes en situation de handicap jusqu\u2019\u00e0 30 ans (6 \u00e0 19 ans\u00a0AEEH, 16 \u00e0 30 ans\u00a0AAH) ;<\/strong><\/li>\n\n\n\n<li><strong>\u00c9tudiants boursiers ou b\u00e9n\u00e9ficiaires d\u2019une aide annuelle du CROUS de moins de 28 ans, \u00e9tudiants percevant une bourse r\u00e9gionale pour les formations sanitaires et sociales pour l\u2019ann\u00e9e universitaire 2025- 2026.<\/strong><\/li>\n<\/ul>\n\n\n\n<h2 class=\"wp-block-heading\"><strong>Pour augmenter l\u2019effet incitatif de cette aide, son montant passe de 50 \u00e0 70 euros.<\/strong><\/h2>\n\n\n\n<p><strong>Le type d\u2019\u00e9tablissements \u00e9ligibles demeure inchang\u00e9. Pour rappel, le pass Sport peut \u00eatre utilis\u00e9 dans un club affili\u00e9 aux f\u00e9d\u00e9rations sportives agr\u00e9\u00e9es par le minist\u00e8re des Sports, de la Jeunesse et de la Vie associative ainsi que dans les associations agr\u00e9\u00e9es Jeunesse Education Populaire (JEP) ou Sport, ou encore les structures des loisirs sportifs marchands (salle d\u2019escalade, salle de fitness, etc.).<\/strong><\/p>\n\n\n\n<p><strong>Une campagne de communication \u00e0 destination des b\u00e9n\u00e9ficiaires sera lanc\u00e9e \u00e0 la fin du mois d\u2019ao\u00fbt. Les parents des b\u00e9n\u00e9ficiaires du pass Sport et les jeunes concern\u00e9s recevront dans la seconde quinzaine d\u2019ao\u00fbt leur code unique, par voie \u00e9lectronique, \u00e0 pr\u00e9senter d\u00e8s leur inscription dans la structure sportive de leur choix.<\/strong><\/p>\n","protected":false},"excerpt":{"rendered":"<p>La licence (62\u20ac) est incluse dans les tarifs* Modes de paiement 1. en esp\u00e8ces2. en ch\u00e8que bancaire ou postal3. en e.Pass jeunes4. en ch\u00e8ques vacances ( + 0,70 \u20ac par [&hellip;]<\/p>\n","protected":false},"author":7,"featured_media":0,"parent":33,"menu_order":3,"comment_status":"closed","ping_status":"closed","template":"","meta":{"ocean_post_layout":"","ocean_both_sidebars_style":"","ocean_both_sidebars_content_width":0,"ocean_both_sidebars_sidebars_width":0,"ocean_sidebar":"","ocean_second_sidebar":"","ocean_disable_margins":"enable","ocean_add_body_class":"","ocean_shortcode_before_top_bar":"","ocean_shortcode_after_top_bar":"","ocean_shortcode_before_header":"","ocean_shortcode_after_header":"","ocean_has_shortcode":"","ocean_shortcode_after_title":"","ocean_shortcode_before_footer_widgets":"","ocean_shortcode_after_footer_widgets":"","ocean_shortcode_before_footer_bottom":"","ocean_shortcode_after_footer_bottom":"","ocean_display_top_bar":"default","ocean_display_header":"default","ocean_header_style":"","ocean_center_header_left_menu":"","ocean_custom_header_template":"","ocean_custom_logo":0,"ocean_custom_retina_logo":0,"ocean_custom_logo_max_width":0,"ocean_custom_logo_tablet_max_width":0,"ocean_custom_logo_mobile_max_width":0,"ocean_custom_logo_max_height":0,"ocean_custom_logo_tablet_max_height":0,"ocean_custom_logo_mobile_max_height":0,"ocean_header_custom_menu":"","ocean_menu_typo_font_family":"","ocean_menu_typo_font_subset":"","ocean_menu_typo_font_size":0,"ocean_menu_typo_font_size_tablet":0,"ocean_menu_typo_font_size_mobile":0,"ocean_menu_typo_font_size_unit":"px","ocean_menu_typo_font_weight":"","ocean_menu_typo_font_weight_tablet":"","ocean_menu_typo_font_weight_mobile":"","ocean_menu_typo_transform":"","ocean_menu_typo_transform_tablet":"","ocean_menu_typo_transform_mobile":"","ocean_menu_typo_line_height":0,"ocean_menu_typo_line_height_tablet":0,"ocean_menu_typo_line_height_mobile":0,"ocean_menu_typo_line_height_unit":"","ocean_menu_typo_spacing":0,"ocean_menu_typo_spacing_tablet":0,"ocean_menu_typo_spacing_mobile":0,"ocean_menu_typo_spacing_unit":"","ocean_menu_link_color":"","ocean_menu_link_color_hover":"","ocean_menu_link_color_active":"","ocean_menu_link_background":"","ocean_menu_link_hover_background":"","ocean_menu_link_active_background":"","ocean_menu_social_links_bg":"","ocean_menu_social_hover_links_bg":"","ocean_menu_social_links_color":"","ocean_menu_social_hover_links_color":"","ocean_disable_title":"default","ocean_disable_heading":"default","ocean_post_title":"","ocean_post_subheading":"","ocean_post_title_style":"","ocean_post_title_background_color":"","ocean_post_title_background":0,"ocean_post_title_bg_image_position":"","ocean_post_title_bg_image_attachment":"","ocean_post_title_bg_image_repeat":"","ocean_post_title_bg_image_size":"","ocean_post_title_height":0,"ocean_post_title_bg_overlay":0.5,"ocean_post_title_bg_overlay_color":"","ocean_disable_breadcrumbs":"default","ocean_breadcrumbs_color":"","ocean_breadcrumbs_separator_color":"","ocean_breadcrumbs_links_color":"","ocean_breadcrumbs_links_hover_color":"","ocean_display_footer_widgets":"default","ocean_display_footer_bottom":"default","ocean_custom_footer_template":"","footnotes":""},"class_list":["post-65","page","type-page","status-publish","hentry","entry"],"_links":{"self":[{"href":"https:\/\/escrimelemans.fr\/index.php?rest_route=\/wp\/v2\/pages\/65","targetHints":{"allow":["GET"]}}],"collection":[{"href":"https:\/\/escrimelemans.fr\/index.php?rest_route=\/wp\/v2\/pages"}],"about":[{"href":"https:\/\/escrimelemans.fr\/index.php?rest_route=\/wp\/v2\/types\/page"}],"author":[{"embeddable":true,"href":"https:\/\/escrimelemans.fr\/index.php?rest_route=\/wp\/v2\/users\/7"}],"replies":[{"embeddable":true,"href":"https:\/\/escrimelemans.fr\/index.php?rest_route=%2Fwp%2Fv2%2Fcomments&post=65"}],"version-history":[{"count":53,"href":"https:\/\/escrimelemans.fr\/index.php?rest_route=\/wp\/v2\/pages\/65\/revisions"}],"predecessor-version":[{"id":2744,"href":"https:\/\/escrimelemans.fr\/index.php?rest_route=\/wp\/v2\/pages\/65\/revisions\/2744"}],"up":[{"embeddable":true,"href":"https:\/\/escrimelemans.fr\/index.php?rest_route=\/wp\/v2\/pages\/33"}],"wp:attachment":[{"href":"https:\/\/escrimelemans.fr\/index.php?rest_route=%2Fwp%2Fv2%2Fmedia&parent=65"}],"curies":[{"name":"wp","href":"https:\/\/api.w.org\/{rel}","templated":true}]}}